27)/(-4)). Suppose -5*g + 44 = -u. Is g a prime number?
False
Let j be 18/8*(-6520)/(-15). Let r = j - 489. Is r a prime number?
False
Let c be -1*74*15/(-3). Let g = -83 + c. Is g a prime number?
False
Let n = -124 + -1. Let d = -48 - n. Is d composite?
True
Let t(z) be the first derivative of -z**3/3 + 5*z - 10. Let m be t(3). Let w(y) = -29*y + 11. Is w(m) a prime number?
True
Suppose 6 = -s + g + 9, 0 = 4*s + 3*g - 47. Suppose 6310 = 2*l + s*l. Is l a composite number?
False
Suppose 4*r - p - 48 = 0, 3*r = -4*p - 11 + 47. Let c = -13 + r. Is (0 + c)*-362 - -3 composite?
True
Suppose -2*o + 2 = 4*l, -4*l - o + 3 = -3*l. Let u = l - -6. Is (u - -742)*(-2)/(-4) a composite number?
False
Suppose -4*d - 3*v - 7 = 0, -3*d - v + 21 = -4*v. Suppose -u - 928 = -2*n + d*u, -5*u = -5*n + 2325. Is n a prime number?
True
Suppose -4*b + 24*t - 28*t = -181648, -4*b = -t - 181623. Is b composite?
True
Suppose -2*q = 4*h - 122739 - 192643, -5*q + 788491 = -2*h. Is q composite?
True
Let a(u) = -43*u + 19 + 121*u**2 + 25*u + 23*u. Is a(9) prime?
False
Suppose 26 + 4 = 2*f. Let d = f - 13. Is d/6*(17 + 1906) prime?
True
Is (-4)/3*(-331122)/88 a prime number?
False
Let r be (-2)/2*1727*-1. Suppose -2*p + 4*p - r = -5*w, w = p - 874. Is p prime?
False
Suppose 0 = -9*x + 12*x + 6. Is (-4782)/x - -1 - -3 composite?
True
Is ((-6)/8 - -1)/(3/364404) composite?
False
Let s = -190 - 677. Let h = 1358 + s. Is h a prime number?
True
Let v = 11 - 7. Suppose 3*r + 4 = 5*r. Is r + 1/(v/16) prime?
False
Suppose c = -2*k + 75, 4*c - k - 328 = -2*k. Let q = 282 - c. Is q a prime number?
True
Let v(z) = -76*z**2 + 8*z - 5. Let c = -8 - -15. Let y(b) = 38*b**2 - 4*b + 2. Let f(g) = c*y(g) + 3*v(g). Is f(-3) prime?
True
Let m(a) = -6*a + 5. Let n be m(-6). Suppose 0 = d - 3*l - 682 - n, -l = 2*d - 1453. Suppose 5*f + d = 2381. Is f a prime number?
True
Suppose 2*t + 3*d - 37 = 3*t, 0 = 5*t + 2*d + 236. Let g = -14 - t. Suppose g + 18 = 5*k. Is k composite?
True
Let j = 3 + -3. Let q be j - (-161 + (1 - -1)). Suppose -452 = -x - q. Is x a prime number?
True
Suppose -20*d = -42*d + 11572. Is d composite?
True
Let g = 108 + -107. Is (15858/(-24) - -5)/(g/(-4)) prime?
False
Let b(f) = -5*f**3 - 28*f**2 + 38*f + 14. Is b(-13) prime?
False
Let y be 6/(-8) - 11/(-4). Suppose 3 = -y*k + 5. Is k - (-4)/(-1)*-19 a prime number?
False
Let v be (103/(-2) - 2)/(1/(-4)). Suppose -v - 167 = -3*p. Is p a prime number?
True
Let m(g) = 11*g**2 - 5*g - 7. Let z be m(-3). Suppose -4*v = 19 - z. Is v a prime number?
False
Let q be 12/(-30) + (-92)/(-5). Let r(p) = -p**3 + 20*p**2 + 4*p - 7. Is r(q) a composite number?
True
Let d be (1 + (-9)/3)/2. Suppose 0 = -5*n - 4*u - 1, 4*u - 2 = 2. Is d + (24/(-1))/n composite?
False
Is (-6287*(-9 - -10))/(-1) prime?
True
Suppose -6*q + 28*q = 36146. Is q a composite number?
True
Let l(q) = q**3 - 13*q**2 + 19*q + 25. Let k(p) = -5*p + 14. Let d be k(0). Is l(d) prime?
True
Suppose 4*z + 5349 = 5*h, 5*z - 250 = -h + 814. Suppose 3*i = 4*s + 1572 + 1578, -i - 5*s = -h. Let w = -609 + i. Is w prime?
False
Let p(y) = -13*y + 21. Let u(h) = 1. Let g(k) = p(k) - 2*u(k). Let r be g(-9). Let z = r - 23. Is z prime?
True
Let z(o) = 22*o**2 - 46*o - 589. Is z(-38) a composite number?
True
Let x be 5 + 1 - (1 + 3). Is 1271/x - (-5)/(-10) a composite number?
True
Suppose -5*r + 56870 = 5*p, 3*p - 11873 = 5*r + 22209. Is p prime?
True
Suppose -15 = -c + 3*j, 0 = c + 5*j + 22 - 5. Suppose -c*s = -s - 634. Is s a composite number?
False
Let f(s) = 2*s**2 + 2*s - 8*s + 3 + 0*s**2. Is f(13) composite?
False
Suppose -5*m + 415 = 2*a + 1283, -a + m = 420. Let o = 987 - a. Is o a composite number?
True
Suppose 4*q - g + 3038 + 2476 = 0, -q + 5*g = 1388. Let j = q - -3155. Is j prime?
True
Let f = -175 + -290. Let u = f + 844. Is u a prime number?
True
Suppose -11*p + 17757 = -2*p. Is p a prime number?
True
Suppose 0*m - 12 = -m. Suppose 2*z - 8 = 0, -28 - 121 = -3*g + z. Let f = g - m. Is f prime?
False
Let o = -33 - -39. Suppose -3*z + o*z - 2901 = 0. Is z prime?
True
Let n(v) = 14*v**2 + 11*v + 17. Let t be n(7). Suppose -2*h - 4*q = -2*q - t, q = 3*h - 1190. Is h prime?
False
Let p = -57 + 61. Is p*(-6)/(-16) + 1509/6 a prime number?
False
Suppose 2*a - 8642 = -4*u, 17*u + 6 = 15*u. Is a a composite number?
False
Let q = 96 + -136. Is q/8*596/(-4) composite?
True
Let b = 39 + -23. Suppose b = p + 3*p, 0 = -2*c - 3*p + 2734. Is c prime?
True
Suppose 2*i = 7*i. Let m be i + (-3 - -2 - -3). Suppose w + 0*w = 4*g - 560, -286 = -2*g + m*w. Is g a prime number?
True
Let s be (72/45)/(4/(-10)). Let y(o) = -23*o**3 - o**2 - 2*o + 1. Is y(s) a composite number?
True
Let w = 1 - 2. Let r be -5 + 3 + (-1)/w. Is 0 + (-9)/r - 2 a prime number?
True
Suppose 12*v - 105 - 147 = 0. Is (-7)/v*(-1962)/3 composite?
True
Is 7 + (7235/(-25))/((-5)/50) a prime number?
False
Suppose 28 = 5*z - 0*w - 2*w, 0 = 2*z + 2*w. Suppose 3*r = 3*v - 1488, 5*v - 3*r - 502 = z*v. Is v prime?
False
Let g be (-2)/5 - ((-62742)/(-10))/(-3). Suppose 0 = -5*a + 5*p + 5220, 6*a = 4*a + 5*p + g. Is a prime?
False
Let j = 41903 + -29502. Is j a prime number?
True
Suppose -4*y + 1332 = 4*a, 8*a = 5*y + 4*a - 1638. Let i = 291 + -410. Let c = i + y. Is c a composite number?
False
Is (-9)/(-8 - 1) + 2999 + -1 a prime number?
True
Suppose 2*a + 4*v - 6722 = 0, 0 = 361*a - 365*a + v + 13435. Is a prime?
True
Let t = 164 - 89. Suppose -4*f = f - t. Let a(d) = 2*d**2 - 2*d - 5. Is a(f) a composite number?
True
Let p(b) = 2 - 4 + b + 22*b**2 - 2. Let q be p(5). Let a = q + -288. Is a a prime number?
True
Let c be (-9)/(-45) - (-2)/(-10). Let b be (c - -1)/((-13)/(-403)). Suppose 2*j + 4*o = o + b, 16 = j + 2*o. Is j a prime number?
False
Suppose 5 - 5 = -9*h. Suppose 8 = 4*q - 2*q. Suppose -q*a + a + 381 = h. Is a a prime number?
True
Suppose -20*r + 37095 = -15*r. Is r a prime number?
False
Let f(z) = z + 11. Let y be f(-7). Is (-3234)/(-88) - (-1)/y a composite number?
False
Let t = -51 - -61. Let x(h) = -8*h - 4. Let z be x(-2). Suppose z*b - t*b = 158. Is b prime?
True
Let o(k) = -k**3 - 5*k**2 + k. Let g be o(-5). Let f(h) = -h**2 + h - 6. Let z(u) = 2*u**2 - 3*u + 6. Let i(l) = 3*f(l) + 2*z(l). Is i(g) a composite number?
True
Suppose -25*u = -268688 - 227337. Is u composite?
False
Suppose b + 4*h = -0*h + 23, 3*h - 30 = -5*b. Is (-3)/(-9)*(b + 150) a composite number?
True
Let k(l) = 0*l + 584*l**2 - 110*l**2 + l + 434*l**2. Is k(-1) prime?
True
Let c(a) = 2*a**2 - 18*a - 13. Suppose -9 + 74 = 5*o. Is c(o) a prime number?
False
Is ((-80382)/(-21))/((-30)/(-105)) a composite number?
False
Let y(j) = j**2 + 4*j + 5. Suppose 4*b - 3 + 19 = 0. Let p be y(b). Suppose 0*h - 3*v = -3*h + 12, p*h - 3*v = 26. Is h a composite number?
False
Let c(i) = -i**3 + 6*i**2 - 4*i - 14. Let t be c(6). Let v = t - -69. Is v a prime number?
True
Let g(p) = -p**3 + 12*p**2 - 13*p - 12. Let f(d) = 2*d**2 - 1. Let h be f(4). Let n = h - 21. Is g(n) composite?
True
Let c = -30 + -12. Is (319/3)/((-14)/c) composite?
True
Let c = -1083 + 1612. Suppose -3*r + c = 40. Is r a prime number?
True
Is (1437/(-4))/(42/(-280)) a prime number?
False
Let g(r) = -39*r + 7. Let b(k) = -39*k + 8. Let o(w) = -6*b(w) + 7*g(w). Is o(-6) prime?
False
Let t = 3 + 0. Suppose -l - t*l + 5*j + 5027 = 0, 0 = 4*l + 5*j - 4997. Is l a prime number?
False
Let n = 640 - 366. Is n a composite number?
True
Let b = -250 - -1017. Suppose -479 + 33 = r. Let j = b + r. Is j a prime number?
False
Let a = -1020 + 1945. Suppose 2*f + 370 = -g + a, 25 = -5*f. Is g composite?
True
Let j(z) be the first derivative of -z**4/2 + z**3 - z**2/2 + 2*z - 9. Let u be j(2). Is u/20 + 566/5 composite?
False
Let n(r) = -15*r**3 - 6*r**2 + 63*r - 11. Is n(-12) a prime number?
False
Let w = 24 + -8. Let y = -13 + w. Suppose -5*l + 3 - 122 = -y*p, -140 = -4*p + 2*l. Is p a composite number?
True
Suppose -44 = 5*x - 3*x. Let q = 25 + -23. Is 45/q + 11/x prime?
False
Let l(x) = 3*x**3 - 4*x**2 - 3*x + 3. Let q be l(5). Suppose -4*f + q = -3*g - 1254, 2*g + 383 = f. Is f prime?
False
Suppose 5*r + 20 = 7*r. Is ((-25)/r)/5*-598 prime?
False
Suppose 10 + 26 = -3*i. Let b(p) be the third derivative of -p**5/60 - 7*p**4/12 - 5*p**3/3 + p**2. Is b(i) a prime number?
False
Let t(a) = 25*a + 1. Suppose